{"id":201,"date":"2020-02-22T16:10:34","date_gmt":"2020-02-22T16:10:34","guid":{"rendered":"https:\/\/pulsnitzer-heimatverein.de\/?page_id=201"},"modified":"2020-11-02T12:48:34","modified_gmt":"2020-11-02T12:48:34","slug":"nr-5-wegestein-perfert-und-weitzmannsches-gut","status":"publish","type":"page","link":"https:\/\/pulsnitzer-heimatverein.de\/?page_id=201","title":{"rendered":"Nr. 5 \u2013 Wegestein Perfert und Weitzmannsches Gut"},"content":{"rendered":"\n<p>Standort: H\u00f6he Bachstra\u00dfe 24, Ecke Feldstra\u00dfe<\/p>\n\n\n\n<p>Stifter: Frau Erika Weitzmann<\/p>\n\n\n\n<p>Der \u201ePerfert\u201c, eine Wehranlage (Zugang \u00fcber Bachstra\u00dfe, vor Haus-Nr. 61), ist das einzige derartige noch erhaltene Baudenkmal in Deutschland und wurde 1420 erbaut. Das Weitzmannsche Gut beinhaltet einen unter Denkmalschutz stehenden Dreiseithof.<\/p>\n\n\n\n<div class=\"wp-block-image\"><figure class=\"aligncenter size-large is-resized\"><img loading=\"lazy\" decoding=\"async\" src=\"https:\/\/pulsnitzer-heimatverein.de\/wp-content\/uploads\/2020\/02\/Nr.-5-Perfert_20180805-104516-768x1024.jpg\" alt=\"\" class=\"wp-image-302\" width=\"384\" height=\"512\" srcset=\"https:\/\/pulsnitzer-heimatverein.de\/wp-content\/uploads\/2020\/02\/Nr.-5-Perfert_20180805-104516-768x1024.jpg 768w, https:\/\/pulsnitzer-heimatverein.de\/wp-content\/uploads\/2020\/02\/Nr.-5-Perfert_20180805-104516-225x300.jpg 225w, https:\/\/pulsnitzer-heimatverein.de\/wp-content\/uploads\/2020\/02\/Nr.-5-Perfert_20180805-104516-1152x1536.jpg 1152w, https:\/\/pulsnitzer-heimatverein.de\/wp-content\/uploads\/2020\/02\/Nr.-5-Perfert_20180805-104516-1536x2048.jpg 1536w, https:\/\/pulsnitzer-heimatverein.de\/wp-content\/uploads\/2020\/02\/Nr.-5-Perfert_20180805-104516-scaled.jpg 1920w\" sizes=\"auto, (max-width: 384px) 100vw, 384px\" \/><figcaption>Foto: Dr. Matthias M\u00e4gel<\/figcaption><\/figure><\/div>\n\n\n\n<div class=\"wp-block-image\"><figure class=\"aligncenter size-large is-resized\"><img loading=\"lazy\" decoding=\"async\" src=\"https:\/\/pulsnitzer-heimatverein.de\/wp-content\/uploads\/2020\/02\/Perfert-20160402-143247-1024x768.jpg\" alt=\"\" class=\"wp-image-303\" width=\"512\" height=\"384\" srcset=\"https:\/\/pulsnitzer-heimatverein.de\/wp-content\/uploads\/2020\/02\/Perfert-20160402-143247-1024x768.jpg 1024w, https:\/\/pulsnitzer-heimatverein.de\/wp-content\/uploads\/2020\/02\/Perfert-20160402-143247-300x225.jpg 300w, https:\/\/pulsnitzer-heimatverein.de\/wp-content\/uploads\/2020\/02\/Perfert-20160402-143247-768x576.jpg 768w, https:\/\/pulsnitzer-heimatverein.de\/wp-content\/uploads\/2020\/02\/Perfert-20160402-143247-1536x1152.jpg 1536w, https:\/\/pulsnitzer-heimatverein.de\/wp-content\/uploads\/2020\/02\/Perfert-20160402-143247-2048x1536.jpg 2048w\" sizes=\"auto, (max-width: 512px) 100vw, 512px\" \/><figcaption>Foto: Dr. Matthias M\u00e4gel<\/figcaption><\/figure><\/div>\n\n\n\n<div style=\"height:100px\" aria-hidden=\"true\" class=\"wp-block-spacer\"><\/div>\n\n\n\n<p class=\"has-text-align-right\"><a href=\"https:\/\/pulsnitzer-heimatverein.de\/?page_id=195\">weiter<\/a><\/p>\n","protected":false},"excerpt":{"rendered":"<p>Standort: H\u00f6he Bachstra\u00dfe 24, Ecke Feldstra\u00dfe Stifter: Frau Erika Weitzmann Der \u201ePerfert\u201c, eine Wehranlage (Zugang \u00fcber Bachstra\u00dfe, vor Haus-Nr. 61), ist das einzige derartige noch erhaltene Baudenkmal in Deutschland und wurde 1420 erbaut. Das Weitzmannsche Gut beinhaltet einen unter Denkmalschutz<\/p>\n","protected":false},"author":1,"featured_media":0,"parent":0,"menu_order":0,"comment_status":"closed","ping_status":"closed","template":"","meta":{"footnotes":""},"class_list":["post-201","page","type-page","status-publish","hentry"],"_links":{"self":[{"href":"https:\/\/pulsnitzer-heimatverein.de\/index.php?rest_route=\/wp\/v2\/pages\/201","targetHints":{"allow":["GET"]}}],"collection":[{"href":"https:\/\/pulsnitzer-heimatverein.de\/index.php?rest_route=\/wp\/v2\/pages"}],"about":[{"href":"https:\/\/pulsnitzer-heimatverein.de\/index.php?rest_route=\/wp\/v2\/types\/page"}],"author":[{"embeddable":true,"href":"https:\/\/pulsnitzer-heimatverein.de\/index.php?rest_route=\/wp\/v2\/users\/1"}],"replies":[{"embeddable":true,"href":"https:\/\/pulsnitzer-heimatverein.de\/index.php?rest_route=%2Fwp%2Fv2%2Fcomments&post=201"}],"version-history":[{"count":7,"href":"https:\/\/pulsnitzer-heimatverein.de\/index.php?rest_route=\/wp\/v2\/pages\/201\/revisions"}],"predecessor-version":[{"id":911,"href":"https:\/\/pulsnitzer-heimatverein.de\/index.php?rest_route=\/wp\/v2\/pages\/201\/revisions\/911"}],"wp:attachment":[{"href":"https:\/\/pulsnitzer-heimatverein.de\/index.php?rest_route=%2Fwp%2Fv2%2Fmedia&parent=201"}],"curies":[{"name":"wp","href":"https:\/\/api.w.org\/{rel}","templated":true}]}}