{"id":210,"date":"2020-02-22T16:20:59","date_gmt":"2020-02-22T16:20:59","guid":{"rendered":"https:\/\/pulsnitzer-heimatverein.de\/?page_id=210"},"modified":"2025-05-25T09:11:41","modified_gmt":"2025-05-25T09:11:41","slug":"maibaum","status":"publish","type":"page","link":"https:\/\/pulsnitzer-heimatverein.de\/?page_id=210","title":{"rendered":"Maibaum"},"content":{"rendered":"\n<p>Beginnend mit dem Jahr 2011 hat der Pulsnitzer Heimatverein e. V. die Tradition des Maibaumstellens wieder aufgenommen. Mittlerweile beteiligen sich immer mehr Pulsnitzer Vereine an diesem Ereignis, so dass es allj\u00e4hrlich zu einem kleinen Vereinsfest geworden ist. Die jeweiligen Vereine sind mit ihren Wappen am Maibaum pr\u00e4sent.<\/p>\n\n\n\n<p class=\"has-text-align-center\"><strong>2025<\/strong><\/p>\n\n\n\n<figure class=\"wp-block-image size-large is-resized\"><img loading=\"lazy\" decoding=\"async\" width=\"768\" height=\"1024\" src=\"https:\/\/pulsnitzer-heimatverein.de\/wp-content\/uploads\/2025\/05\/P1130603-768x1024.jpg\" alt=\"\" class=\"wp-image-3418\" style=\"width:384px\" srcset=\"https:\/\/pulsnitzer-heimatverein.de\/wp-content\/uploads\/2025\/05\/P1130603-768x1024.jpg 768w, https:\/\/pulsnitzer-heimatverein.de\/wp-content\/uploads\/2025\/05\/P1130603-225x300.jpg 225w, https:\/\/pulsnitzer-heimatverein.de\/wp-content\/uploads\/2025\/05\/P1130603-1152x1536.jpg 1152w, https:\/\/pulsnitzer-heimatverein.de\/wp-content\/uploads\/2025\/05\/P1130603-1536x2048.jpg 1536w, https:\/\/pulsnitzer-heimatverein.de\/wp-content\/uploads\/2025\/05\/P1130603-scaled.jpg 1920w\" sizes=\"auto, (max-width: 768px) 100vw, 768px\" \/><figcaption class=\"wp-element-caption\">Foto: Dr. Matthias M\u00e4gel, 2025-05-14<\/figcaption><\/figure>\n\n\n\n<p class=\"has-text-align-center\">Am 29. April 2025 wurde der Maibaum, begr\u00fc\u00dft von Posaunenkl\u00e4ngen, auf dem Marktplatz aufgestellt. Nunmehr sind 10 weitere Vereine an diesem kleinen Fest beteiligt.<\/p>\n\n\n\n<p class=\"has-text-align-center\"><strong>2024<\/strong><\/p>\n\n\n\n<figure class=\"wp-block-image aligncenter size-large is-resized\"><img loading=\"lazy\" decoding=\"async\" width=\"1024\" height=\"768\" src=\"https:\/\/pulsnitzer-heimatverein.de\/wp-content\/uploads\/2024\/10\/20240429-181248_P1120644-1024x768.jpg\" alt=\"\" class=\"wp-image-3127\" style=\"width:384px\" srcset=\"https:\/\/pulsnitzer-heimatverein.de\/wp-content\/uploads\/2024\/10\/20240429-181248_P1120644-1024x768.jpg 1024w, https:\/\/pulsnitzer-heimatverein.de\/wp-content\/uploads\/2024\/10\/20240429-181248_P1120644-300x225.jpg 300w, https:\/\/pulsnitzer-heimatverein.de\/wp-content\/uploads\/2024\/10\/20240429-181248_P1120644-768x576.jpg 768w, https:\/\/pulsnitzer-heimatverein.de\/wp-content\/uploads\/2024\/10\/20240429-181248_P1120644-1536x1152.jpg 1536w, https:\/\/pulsnitzer-heimatverein.de\/wp-content\/uploads\/2024\/10\/20240429-181248_P1120644-2048x1536.jpg 2048w\" sizes=\"auto, (max-width: 1024px) 100vw, 1024px\" \/><figcaption class=\"wp-element-caption\">Foto: Dr. Matthias M\u00e4gel, 2024-04-29<\/figcaption><\/figure>\n\n\n\n<p class=\"has-text-align-center\">Nach mehrj\u00e4hriger Pause wurde am 29. April 2024 wieder&nbsp;ein Maibaum auf dem Pulsnitzer Marktplatz aufgestellt. <br>Video: Lausitzwelle, 2024-05-02 \u2013&nbsp;<a href=\"https:\/\/youtu.be\/N5CEvIve-Qs?si=X_cJqc5wgO3tac56\">Pulsnitz: Erster Maibaum seit f\u00fcnf Jahren<\/a><\/p>\n\n\n\n<p class=\"has-text-align-center\"><strong>2023 \/ 2022 \/ 2021 \/ 2020<\/strong><\/p>\n\n\n\n<p class=\"has-text-align-center\">Aufgrund der Corona-Pandemie mit ihren Ausgangs- und Veranstaltungsbeschr\u00e4nkungen sowie der Baustelleneinrichtung 2023 \/ 2022 \/ 2021 im Zusammenhang mit dem Rathaus-Umbau konnte in den Jahren 2023, 2022, 2021 und 2020 kein Maibaum in Pulsnitz aufgestellt werden.<\/p>\n\n\n\n<p><\/p>\n\n\n\n<p class=\"has-text-align-center\"><strong>2019<\/strong><\/p>\n\n\n\n<figure class=\"wp-block-image aligncenter size-large is-resized\"><img loading=\"lazy\" decoding=\"async\" width=\"768\" height=\"1024\" src=\"https:\/\/pulsnitzer-heimatverein.de\/wp-content\/uploads\/2020\/02\/20190429-174701-768x1024.jpg\" alt=\"\" class=\"wp-image-215\" style=\"width:384px;height:512px\" srcset=\"https:\/\/pulsnitzer-heimatverein.de\/wp-content\/uploads\/2020\/02\/20190429-174701-768x1024.jpg 768w, https:\/\/pulsnitzer-heimatverein.de\/wp-content\/uploads\/2020\/02\/20190429-174701-225x300.jpg 225w, https:\/\/pulsnitzer-heimatverein.de\/wp-content\/uploads\/2020\/02\/20190429-174701-1152x1536.jpg 1152w, https:\/\/pulsnitzer-heimatverein.de\/wp-content\/uploads\/2020\/02\/20190429-174701-1536x2048.jpg 1536w, https:\/\/pulsnitzer-heimatverein.de\/wp-content\/uploads\/2020\/02\/20190429-174701-scaled.jpg 1920w\" sizes=\"auto, (max-width: 768px) 100vw, 768px\" \/><figcaption class=\"wp-element-caption\">Foto: Dr. Matthias M\u00e4gel<\/figcaption><\/figure>\n\n\n\n<figure class=\"wp-block-image aligncenter size-large is-resized\"><img loading=\"lazy\" decoding=\"async\" width=\"1024\" height=\"768\" src=\"https:\/\/pulsnitzer-heimatverein.de\/wp-content\/uploads\/2020\/02\/20190429-182939-1024x768.jpg\" alt=\"\" class=\"wp-image-216\" style=\"width:512px;height:384px\" srcset=\"https:\/\/pulsnitzer-heimatverein.de\/wp-content\/uploads\/2020\/02\/20190429-182939-1024x768.jpg 1024w, https:\/\/pulsnitzer-heimatverein.de\/wp-content\/uploads\/2020\/02\/20190429-182939-300x225.jpg 300w, https:\/\/pulsnitzer-heimatverein.de\/wp-content\/uploads\/2020\/02\/20190429-182939-768x576.jpg 768w, https:\/\/pulsnitzer-heimatverein.de\/wp-content\/uploads\/2020\/02\/20190429-182939-1536x1152.jpg 1536w, https:\/\/pulsnitzer-heimatverein.de\/wp-content\/uploads\/2020\/02\/20190429-182939-2048x1536.jpg 2048w\" sizes=\"auto, (max-width: 1024px) 100vw, 1024px\" \/><figcaption class=\"wp-element-caption\">Foto: Dr. Matthias M\u00e4gel<\/figcaption><\/figure>\n\n\n\n<p class=\"has-text-align-center\"><strong>2018<\/strong><\/p>\n\n\n\n<figure class=\"wp-block-image aligncenter size-large is-resized\"><img loading=\"lazy\" decoding=\"async\" width=\"768\" height=\"1024\" src=\"https:\/\/pulsnitzer-heimatverein.de\/wp-content\/uploads\/2020\/02\/20180426-183825-768x1024.jpg\" alt=\"\" class=\"wp-image-217\" style=\"width:384px;height:512px\" srcset=\"https:\/\/pulsnitzer-heimatverein.de\/wp-content\/uploads\/2020\/02\/20180426-183825-768x1024.jpg 768w, https:\/\/pulsnitzer-heimatverein.de\/wp-content\/uploads\/2020\/02\/20180426-183825-225x300.jpg 225w, https:\/\/pulsnitzer-heimatverein.de\/wp-content\/uploads\/2020\/02\/20180426-183825-1152x1536.jpg 1152w, https:\/\/pulsnitzer-heimatverein.de\/wp-content\/uploads\/2020\/02\/20180426-183825-1536x2048.jpg 1536w, https:\/\/pulsnitzer-heimatverein.de\/wp-content\/uploads\/2020\/02\/20180426-183825-scaled.jpg 1920w\" sizes=\"auto, (max-width: 768px) 100vw, 768px\" \/><figcaption class=\"wp-element-caption\">Foto: Dr. Matthias M\u00e4gel<\/figcaption><\/figure>\n\n\n\n<p class=\"has-text-align-center\"><strong>2017<\/strong><\/p>\n\n\n\n<figure class=\"wp-block-image aligncenter size-large is-resized\"><img loading=\"lazy\" decoding=\"async\" width=\"576\" height=\"1024\" src=\"https:\/\/pulsnitzer-heimatverein.de\/wp-content\/uploads\/2020\/02\/20170428_180949-576x1024.jpg\" alt=\"\" class=\"wp-image-219\" style=\"width:288px;height:512px\" srcset=\"https:\/\/pulsnitzer-heimatverein.de\/wp-content\/uploads\/2020\/02\/20170428_180949-576x1024.jpg 576w, https:\/\/pulsnitzer-heimatverein.de\/wp-content\/uploads\/2020\/02\/20170428_180949-169x300.jpg 169w, https:\/\/pulsnitzer-heimatverein.de\/wp-content\/uploads\/2020\/02\/20170428_180949-768x1365.jpg 768w, https:\/\/pulsnitzer-heimatverein.de\/wp-content\/uploads\/2020\/02\/20170428_180949-864x1536.jpg 864w, https:\/\/pulsnitzer-heimatverein.de\/wp-content\/uploads\/2020\/02\/20170428_180949-1152x2048.jpg 1152w, https:\/\/pulsnitzer-heimatverein.de\/wp-content\/uploads\/2020\/02\/20170428_180949-scaled.jpg 1440w\" sizes=\"auto, (max-width: 576px) 100vw, 576px\" \/><figcaption class=\"wp-element-caption\">Foto: Matthias Thomschke<\/figcaption><\/figure>\n\n\n\n<p class=\"has-text-align-center\"><strong>2016<\/strong><\/p>\n\n\n\n<figure class=\"wp-block-image aligncenter size-large is-resized\"><img loading=\"lazy\" decoding=\"async\" width=\"576\" height=\"1024\" src=\"https:\/\/pulsnitzer-heimatverein.de\/wp-content\/uploads\/2020\/02\/20160428_191356-576x1024.jpg\" alt=\"\" class=\"wp-image-221\" style=\"width:288px;height:512px\" srcset=\"https:\/\/pulsnitzer-heimatverein.de\/wp-content\/uploads\/2020\/02\/20160428_191356-576x1024.jpg 576w, https:\/\/pulsnitzer-heimatverein.de\/wp-content\/uploads\/2020\/02\/20160428_191356-169x300.jpg 169w, https:\/\/pulsnitzer-heimatverein.de\/wp-content\/uploads\/2020\/02\/20160428_191356-768x1365.jpg 768w, https:\/\/pulsnitzer-heimatverein.de\/wp-content\/uploads\/2020\/02\/20160428_191356-864x1536.jpg 864w, https:\/\/pulsnitzer-heimatverein.de\/wp-content\/uploads\/2020\/02\/20160428_191356-1152x2048.jpg 1152w, https:\/\/pulsnitzer-heimatverein.de\/wp-content\/uploads\/2020\/02\/20160428_191356-scaled.jpg 1440w\" sizes=\"auto, (max-width: 576px) 100vw, 576px\" \/><figcaption class=\"wp-element-caption\">Foto: Matthias Thomschke<\/figcaption><\/figure>\n\n\n\n<p class=\"has-text-align-center\"><strong>2015<\/strong><\/p>\n\n\n\n<p class=\"has-text-align-center\"><strong>2014<\/strong><\/p>\n\n\n\n<figure class=\"wp-block-image aligncenter size-large\"><img loading=\"lazy\" decoding=\"async\" width=\"178\" height=\"270\" src=\"https:\/\/pulsnitzer-heimatverein.de\/wp-content\/uploads\/2020\/02\/Maibaum_PA_2014.jpg\" alt=\"\" class=\"wp-image-225\"\/><figcaption class=\"wp-element-caption\">Quelle: Pulsnitzer Anzeiger 07\/2014 <\/figcaption><\/figure>\n\n\n\n<p class=\"has-text-align-center\"><strong>2013<\/strong><\/p>\n\n\n\n<p class=\"has-text-align-center\"><strong>2012<\/strong><\/p>\n\n\n\n<p class=\"has-text-align-center\"><strong>2011<\/strong> <\/p>\n\n\n\n<figure class=\"wp-block-image aligncenter size-large is-resized\"><img loading=\"lazy\" decoding=\"async\" width=\"1024\" height=\"683\" src=\"https:\/\/pulsnitzer-heimatverein.de\/wp-content\/uploads\/2020\/02\/IMG_7324-1024x683.jpg\" alt=\"\" class=\"wp-image-226\" style=\"width:512px;height:342px\" srcset=\"https:\/\/pulsnitzer-heimatverein.de\/wp-content\/uploads\/2020\/02\/IMG_7324-1024x683.jpg 1024w, https:\/\/pulsnitzer-heimatverein.de\/wp-content\/uploads\/2020\/02\/IMG_7324-300x200.jpg 300w, https:\/\/pulsnitzer-heimatverein.de\/wp-content\/uploads\/2020\/02\/IMG_7324-768x512.jpg 768w, https:\/\/pulsnitzer-heimatverein.de\/wp-content\/uploads\/2020\/02\/IMG_7324-1536x1024.jpg 1536w, https:\/\/pulsnitzer-heimatverein.de\/wp-content\/uploads\/2020\/02\/IMG_7324-2048x1365.jpg 2048w\" sizes=\"auto, (max-width: 1024px) 100vw, 1024px\" \/><figcaption class=\"wp-element-caption\">Foto: Matthias Thomschke<\/figcaption><\/figure>\n\n\n\n<p><\/p>\n","protected":false},"excerpt":{"rendered":"<p>Beginnend mit dem Jahr 2011 hat der Pulsnitzer Heimatverein e. V. die Tradition des Maibaumstellens wieder aufgenommen. Mittlerweile beteiligen sich immer mehr Pulsnitzer Vereine an diesem Ereignis, so dass es allj\u00e4hrlich zu einem kleinen Vereinsfest geworden ist. Die jeweiligen Vereine<\/p>\n","protected":false},"author":1,"featured_media":0,"parent":0,"menu_order":0,"comment_status":"closed","ping_status":"closed","template":"","meta":{"footnotes":""},"class_list":["post-210","page","type-page","status-publish","hentry"],"_links":{"self":[{"href":"https:\/\/pulsnitzer-heimatverein.de\/index.php?rest_route=\/wp\/v2\/pages\/210","targetHints":{"allow":["GET"]}}],"collection":[{"href":"https:\/\/pulsnitzer-heimatverein.de\/index.php?rest_route=\/wp\/v2\/pages"}],"about":[{"href":"https:\/\/pulsnitzer-heimatverein.de\/index.php?rest_route=\/wp\/v2\/types\/page"}],"author":[{"embeddable":true,"href":"https:\/\/pulsnitzer-heimatverein.de\/index.php?rest_route=\/wp\/v2\/users\/1"}],"replies":[{"embeddable":true,"href":"https:\/\/pulsnitzer-heimatverein.de\/index.php?rest_route=%2Fwp%2Fv2%2Fcomments&post=210"}],"version-history":[{"count":22,"href":"https:\/\/pulsnitzer-heimatverein.de\/index.php?rest_route=\/wp\/v2\/pages\/210\/revisions"}],"predecessor-version":[{"id":3424,"href":"https:\/\/pulsnitzer-heimatverein.de\/index.php?rest_route=\/wp\/v2\/pages\/210\/revisions\/3424"}],"wp:attachment":[{"href":"https:\/\/pulsnitzer-heimatverein.de\/index.php?rest_route=%2Fwp%2Fv2%2Fmedia&parent=210"}],"curies":[{"name":"wp","href":"https:\/\/api.w.org\/{rel}","templated":true}]}}