{"id":2821,"date":"2024-03-29T09:18:22","date_gmt":"2024-03-29T09:18:22","guid":{"rendered":"https:\/\/pulsnitzer-heimatverein.de\/?page_id=2821"},"modified":"2025-04-18T09:55:58","modified_gmt":"2025-04-18T09:55:58","slug":"nr-19-gedenktafel-geschaeftshaus-dresdener-str-6-in-vorbereitung","status":"publish","type":"page","link":"https:\/\/pulsnitzer-heimatverein.de\/?page_id=2821","title":{"rendered":"Nr. 19 &#8211; Gedenktafel Gesch\u00e4ftshaus Dresdener Str. 6"},"content":{"rendered":"\n<p>Standort: Dresdener Stra\u00dfe 6 \/ Ecke Bachstra\u00dfe<\/p>\n\n\n\n<p><\/p>\n\n\n\n<div class=\"wp-block-columns is-layout-flex wp-container-core-columns-is-layout-28f84493 wp-block-columns-is-layout-flex\">\n<div class=\"wp-block-column is-layout-flow wp-block-column-is-layout-flow\" style=\"flex-basis:15%\">\n<p>Stifter:<\/p>\n<\/div>\n\n\n\n<div class=\"wp-block-column is-layout-flow wp-block-column-is-layout-flow\" style=\"flex-basis:85%\">\n<figure class=\"wp-block-image alignleft size-full is-resized\"><a href=\"https:\/\/www.sachsen-christstollen.de\/\"><img loading=\"lazy\" decoding=\"async\" width=\"467\" height=\"120\" src=\"https:\/\/pulsnitzer-heimatverein.de\/wp-content\/uploads\/2024\/03\/logo_header.png\" alt=\"\" class=\"wp-image-2847\" style=\"width:269px;height:auto\" srcset=\"https:\/\/pulsnitzer-heimatverein.de\/wp-content\/uploads\/2024\/03\/logo_header.png 467w, https:\/\/pulsnitzer-heimatverein.de\/wp-content\/uploads\/2024\/03\/logo_header-300x77.png 300w\" sizes=\"auto, (max-width: 467px) 100vw, 467px\" \/><\/a><\/figure>\n<\/div>\n<\/div>\n\n\n\n<p>Der Bereich vor dem weiter stadtw\u00e4rts querenden Fluss Pulsnitz geh\u00f6rte einst zum selbstst\u00e4ndigen Dorf \u201ePulsnitz Mei\u00dfner Seite\u201c (Pulsnitz M. S.), so auch dieses traditionelle Handwerksgeb\u00e4ude. Die B\u00e4ckerei am Abzweig in die Bachstra\u00dfe ist bereits seit Ende des 19. Jahrhunderts dokumentiert.<\/p>\n\n\n\n<details>\n  <summary><span style=\"cursor: pointer;\">Quellen<\/span><\/summary>\n\n <p>pers\u00f6nliche (unver\u00f6ffentlichte) Erinnerungen von Familie G\u00f6tz<\/p>\n\n <p><a href=\"https:\/\/de.wikipedia.org\/wiki\/Pulsnitzer_Pfefferkuchen\">https:\/\/de.wikipedia.org\/wiki\/Pulsnitzer_Pfefferkuchen<\/a><\/p>\n\n <p>\u201eAus vergangenen Tagen\u201c \u2013 Festschrift, Herausgegeben von der Stadt Pulsnitz, 1925<\/p>\n\n <p>\u201ePulsnitz vor 100 Jahren\u201c von R\u00fcdiger Rost (\u2020) in: \u201ePulsnitzer Anzeiger 2015-04, S. 4<\/p>\n\n <p>Adressbuch 1890\/91<\/p>\n\n <p>Adressbuch 1904\/05<\/p>\n\n\n<\/details>\n\n\n\n<figure class=\"wp-block-gallery has-nested-images columns-default is-cropped wp-block-gallery-1 is-layout-flex wp-block-gallery-is-layout-flex\">\n<figure class=\"wp-block-image size-large\"><img loading=\"lazy\" decoding=\"async\" width=\"1024\" height=\"658\" data-id=\"3088\" src=\"https:\/\/pulsnitzer-heimatverein.de\/wp-content\/uploads\/2024\/09\/Dresdener-Str.-6_Baeckerei-um-1910-Foto-Fam.-Goetz-1024x658.jpg\" alt=\"\" class=\"wp-image-3088\" srcset=\"https:\/\/pulsnitzer-heimatverein.de\/wp-content\/uploads\/2024\/09\/Dresdener-Str.-6_Baeckerei-um-1910-Foto-Fam.-Goetz-1024x658.jpg 1024w, https:\/\/pulsnitzer-heimatverein.de\/wp-content\/uploads\/2024\/09\/Dresdener-Str.-6_Baeckerei-um-1910-Foto-Fam.-Goetz-300x193.jpg 300w, https:\/\/pulsnitzer-heimatverein.de\/wp-content\/uploads\/2024\/09\/Dresdener-Str.-6_Baeckerei-um-1910-Foto-Fam.-Goetz-768x493.jpg 768w, https:\/\/pulsnitzer-heimatverein.de\/wp-content\/uploads\/2024\/09\/Dresdener-Str.-6_Baeckerei-um-1910-Foto-Fam.-Goetz-1536x987.jpg 1536w, https:\/\/pulsnitzer-heimatverein.de\/wp-content\/uploads\/2024\/09\/Dresdener-Str.-6_Baeckerei-um-1910-Foto-Fam.-Goetz-2048x1316.jpg 2048w\" sizes=\"auto, (max-width: 1024px) 100vw, 1024px\" \/><figcaption class=\"wp-element-caption\">Geb\u00e4ude Dresdener Stra\u00dfe 6 um 1910<br>(Foto aus Privatarchiv Fam. G\u00f6tz)<\/figcaption><\/figure>\n\n\n\n<figure class=\"wp-block-image size-large\"><img loading=\"lazy\" decoding=\"async\" width=\"768\" height=\"1024\" data-id=\"3109\" src=\"https:\/\/pulsnitzer-heimatverein.de\/wp-content\/uploads\/2024\/10\/20240917_171935-768x1024.jpg\" alt=\"\" class=\"wp-image-3109\" srcset=\"https:\/\/pulsnitzer-heimatverein.de\/wp-content\/uploads\/2024\/10\/20240917_171935-768x1024.jpg 768w, https:\/\/pulsnitzer-heimatverein.de\/wp-content\/uploads\/2024\/10\/20240917_171935-225x300.jpg 225w, https:\/\/pulsnitzer-heimatverein.de\/wp-content\/uploads\/2024\/10\/20240917_171935-1152x1536.jpg 1152w, https:\/\/pulsnitzer-heimatverein.de\/wp-content\/uploads\/2024\/10\/20240917_171935-1536x2048.jpg 1536w, https:\/\/pulsnitzer-heimatverein.de\/wp-content\/uploads\/2024\/10\/20240917_171935-scaled.jpg 1920w\" sizes=\"auto, (max-width: 768px) 100vw, 768px\" \/><figcaption class=\"wp-element-caption\">Gedenktafel Nr. 19, 2024 angebracht, am Gesch\u00e4ftshaus Dresdener Stra\u00dfe 6<br>Foto: Dr. Matthias M\u00e4gel, 2024-09-17<\/figcaption><\/figure>\n<\/figure>\n\n\n\n<p class=\"has-text-align-right\"><a href=\"https:\/\/pulsnitzer-heimatverein.de\/?page_id=2826\">weiter<\/a><\/p>\n","protected":false},"excerpt":{"rendered":"<p>Standort: Dresdener Stra\u00dfe 6 \/ Ecke Bachstra\u00dfe Stifter: Der Bereich vor dem weiter stadtw\u00e4rts querenden Fluss Pulsnitz geh\u00f6rte einst zum selbstst\u00e4ndigen Dorf \u201ePulsnitz Mei\u00dfner Seite\u201c (Pulsnitz M. S.), so auch dieses traditionelle Handwerksgeb\u00e4ude. Die B\u00e4ckerei am Abzweig in die Bachstra\u00dfe<\/p>\n","protected":false},"author":1,"featured_media":0,"parent":0,"menu_order":0,"comment_status":"closed","ping_status":"closed","template":"","meta":{"footnotes":""},"class_list":["post-2821","page","type-page","status-publish","hentry"],"_links":{"self":[{"href":"https:\/\/pulsnitzer-heimatverein.de\/index.php?rest_route=\/wp\/v2\/pages\/2821","targetHints":{"allow":["GET"]}}],"collection":[{"href":"https:\/\/pulsnitzer-heimatverein.de\/index.php?rest_route=\/wp\/v2\/pages"}],"about":[{"href":"https:\/\/pulsnitzer-heimatverein.de\/index.php?rest_route=\/wp\/v2\/types\/page"}],"author":[{"embeddable":true,"href":"https:\/\/pulsnitzer-heimatverein.de\/index.php?rest_route=\/wp\/v2\/users\/1"}],"replies":[{"embeddable":true,"href":"https:\/\/pulsnitzer-heimatverein.de\/index.php?rest_route=%2Fwp%2Fv2%2Fcomments&post=2821"}],"version-history":[{"count":14,"href":"https:\/\/pulsnitzer-heimatverein.de\/index.php?rest_route=\/wp\/v2\/pages\/2821\/revisions"}],"predecessor-version":[{"id":3340,"href":"https:\/\/pulsnitzer-heimatverein.de\/index.php?rest_route=\/wp\/v2\/pages\/2821\/revisions\/3340"}],"wp:attachment":[{"href":"https:\/\/pulsnitzer-heimatverein.de\/index.php?rest_route=%2Fwp%2Fv2%2Fmedia&parent=2821"}],"curies":[{"name":"wp","href":"https:\/\/api.w.org\/{rel}","templated":true}]}}

Nr. 19 &#8211; Gedenktafel Geschäftshaus Dresdener Str. 6

<p>Standort: Dresdener Straße 6 / Ecke Bachstraße</p>



<p></p>



<div class="wp-block-columns is-layout-flex wp-container-core-columns-is-layout-28f84493 wp-block-columns-is-layout-flex">
<div class="wp-block-column is-layout-flow wp-block-column-is-layout-flow" style="flex-basis:15%">
<p>Stifter:</p>
</div>



<div class="wp-block-column is-layout-flow wp-block-column-is-layout-flow" style="flex-basis:85%">
<figure class="wp-block-image alignleft size-full is-resized"><a href="https://www.sachsen-christstollen.de/"><img loading="lazy" decoding="async" width="467" height="120" src="https://pulsnitzer-heimatverein.de/wp-content/uploads/2024/03/logo_header.png" alt="" class="wp-image-2847" style="width:269px;height:auto" srcset="https://pulsnitzer-heimatverein.de/wp-content/uploads/2024/03/logo_header.png 467w, https://pulsnitzer-heimatverein.de/wp-content/uploads/2024/03/logo_header-300x77.png 300w" sizes="auto, (max-width: 467px) 100vw, 467px" /></a></figure>
</div>
</div>



<p>Der Bereich vor dem weiter stadtwärts querenden Fluss Pulsnitz gehörte einst zum selbstständigen Dorf „Pulsnitz Meißner Seite“ (Pulsnitz M. S.), so auch dieses traditionelle Handwerksgebäude. Die Bäckerei am Abzweig in die Bachstraße ist bereits seit Ende des 19. Jahrhunderts dokumentiert.</p>



<details>
  <summary><span style="cursor: pointer;">Quellen</span></summary>

 <p>persönliche (unveröffentlichte) Erinnerungen von Familie Götz</p>

 <p><a href="https://de.wikipedia.org/wiki/Pulsnitzer_Pfefferkuchen">https://de.wikipedia.org/wiki/Pulsnitzer_Pfefferkuchen</a></p>

 <p>„Aus vergangenen Tagen“ – Festschrift, Herausgegeben von der Stadt Pulsnitz, 1925</p>

 <p>„Pulsnitz vor 100 Jahren“ von Rüdiger Rost (†) in: „Pulsnitzer Anzeiger 2015-04, S. 4</p>

 <p>Adressbuch 1890/91</p>

 <p>Adressbuch 1904/05</p>


</details>



<figure class="wp-block-gallery has-nested-images columns-default is-cropped wp-block-gallery-1 is-layout-flex wp-block-gallery-is-layout-flex">
<figure class="wp-block-image size-large"><img loading="lazy" decoding="async" width="1024" height="658" data-id="3088" src="https://pulsnitzer-heimatverein.de/wp-content/uploads/2024/09/Dresdener-Str.-6_Baeckerei-um-1910-Foto-Fam.-Goetz-1024x658.jpg" alt="" class="wp-image-3088" srcset="https://pulsnitzer-heimatverein.de/wp-content/uploads/2024/09/Dresdener-Str.-6_Baeckerei-um-1910-Foto-Fam.-Goetz-1024x658.jpg 1024w, https://pulsnitzer-heimatverein.de/wp-content/uploads/2024/09/Dresdener-Str.-6_Baeckerei-um-1910-Foto-Fam.-Goetz-300x193.jpg 300w, https://pulsnitzer-heimatverein.de/wp-content/uploads/2024/09/Dresdener-Str.-6_Baeckerei-um-1910-Foto-Fam.-Goetz-768x493.jpg 768w, https://pulsnitzer-heimatverein.de/wp-content/uploads/2024/09/Dresdener-Str.-6_Baeckerei-um-1910-Foto-Fam.-Goetz-1536x987.jpg 1536w, https://pulsnitzer-heimatverein.de/wp-content/uploads/2024/09/Dresdener-Str.-6_Baeckerei-um-1910-Foto-Fam.-Goetz-2048x1316.jpg 2048w" sizes="auto, (max-width: 1024px) 100vw, 1024px" /><figcaption class="wp-element-caption">Gebäude Dresdener Straße 6 um 1910<br>(Foto aus Privatarchiv Fam. Götz)</figcaption></figure>



<figure class="wp-block-image size-large"><img loading="lazy" decoding="async" width="768" height="1024" data-id="3109" src="https://pulsnitzer-heimatverein.de/wp-content/uploads/2024/10/20240917_171935-768x1024.jpg" alt="" class="wp-image-3109" srcset="https://pulsnitzer-heimatverein.de/wp-content/uploads/2024/10/20240917_171935-768x1024.jpg 768w, https://pulsnitzer-heimatverein.de/wp-content/uploads/2024/10/20240917_171935-225x300.jpg 225w, https://pulsnitzer-heimatverein.de/wp-content/uploads/2024/10/20240917_171935-1152x1536.jpg 1152w, https://pulsnitzer-heimatverein.de/wp-content/uploads/2024/10/20240917_171935-1536x2048.jpg 1536w, https://pulsnitzer-heimatverein.de/wp-content/uploads/2024/10/20240917_171935-scaled.jpg 1920w" sizes="auto, (max-width: 768px) 100vw, 768px" /><figcaption class="wp-element-caption">Gedenktafel Nr. 19, 2024 angebracht, am Geschäftshaus Dresdener Straße 6<br>Foto: Dr. Matthias Mägel, 2024-09-17</figcaption></figure>
</figure>



<p class="has-text-align-right"><a href="https://pulsnitzer-heimatverein.de/?page_id=2826">weiter</a></p>

<p>Standort: Dresdener Straße 6 / Ecke Bachstraße Stifter: Der Bereich vor dem weiter stadtwärts querenden Fluss Pulsnitz gehörte einst zum selbstständigen Dorf „Pulsnitz Meißner Seite“ (Pulsnitz M. S.), so auch dieses traditionelle Handwerksgebäude. Die Bäckerei am Abzweig in die Bachstraße</p>
